reatest common divisor of 237 and 750759?
3
Calculate the highest common divisor of 267249528 and 4.
4
Calculate the greatest common divisor of 90 and 745360.
10
Calculate the greatest common factor of 14112225 and 9292.
2323
What is the highest common divisor of 47 and 38217016?
47
Calculate the highest common divisor of 37692 and 16480129.
349
What is the greatest common factor of 241909 and 179540?
47
Calculate the greatest common factor of 11994292 and 22.
2
What is the highest common divisor of 45849350 and 1150?
1150
Calculate the greatest common divisor of 40 and 120651940.
20
Calculate the highest common divisor of 26448 and 122351.
29
What is the highest common factor of 231055265 and 23960?
2995
Calculate the highest common factor of 74500 and 1548110.
1490
What is the highest common divisor of 67264317 and 1971?
1971
What is the highest common divisor of 5130872 and 2?
2
Calculate the greatest common divisor of 2368 and 1016908.
148
Calculate the greatest common factor of 25280 and 13536.
32
Calculate the greatest common factor of 4576 and 1481920.
352
Calculate the greatest common factor of 2646 and 4011483.
147
Calculate the greatest common divisor of 686 and 66026471.
343
Calculate the greatest common divisor of 54268428 and 12.
12
What is the highest common factor of 520 and 7901500?
20
Calculate the highest common factor of 9062535 and 49267.
2593
What is the highest common divisor of 1096139 and 55?
11
Calculate the greatest common factor of 578955 and 71175.
195
What is the highest common factor of 93359 and 62027?
7
Calculate the highest common divisor of 757 and 1994897119.
757
What is the greatest common factor of 4024284 and 83721?
1419
Calculate the highest common factor of 59409680 and 21120.
880
Calculate the greatest common factor of 10595472 and 158472.
1704
What is the greatest common divisor of 4893349 and 2525?
101
What is the greatest common divisor of 11592 and 1879353?
1449
Calculate the highest common divisor of 1815 and 14379.
3
What is the greatest common factor of 230980 and 60?
20
Calculate the greatest common divisor of 190 and 17775830.
190
Calculate the greatest common divisor of 13583 and 59314.
47
Calculate the highest common divisor of 26891085 and 315.
15
What is the highest common divisor of 670171 and 658132?
4013
Calculate the highest common divisor of 2138792 and 2048.
8
Calculate the greatest common factor of 148 and 7643793.
37
What is the highest common divisor of 3616 and 15776?
32
Calculate the highest common factor of 38203787 and 677.
677
Calculate the greatest common divisor of 119 and 17578323.
119
Calculate the greatest common divisor of 25282956 and 552816.
4188
What is the greatest common divisor of 3600 and 12436542?
18
What is the highest common divisor of 442 and 5949541?
221
Calculate the highest common factor of 140 and 210429548.
28
Calculate the greatest common factor of 1758 and 44140450.
586
What is the highest common factor of 137020 and 24076?
52
Calculate the highest common factor of 560 and 80731280.
560
What is the greatest common divisor of 3085725 and 33?
3
What is the greatest common divisor of 106 and 82814355?
53
Calculate the greatest common divisor of 7123680 and 660.
60
Calculate the greatest common divisor of 4717 and 6332617.
89
Calculate the highest common factor of 1882595 and 43329.
143
Calculate the greatest common factor of 3666 and 148520.
94
Calculate the greatest common divisor of 162 and 1646262.
18
What is the greatest common divisor of 278208 and 21600?
864
Calculate the greatest common factor of 12474462 and 1734161.
9581
What is the greatest common factor of 555970 and 2360090?
530
What is the highest common factor of 152339 and 5918?
11
What is the highest common divisor of 15 and 273401820?
15
Calculate the highest common divisor of 10981 and 3081345467.
10981
Calculate the greatest common divisor of 898 and 55750534.
898
Calculate the highest common factor of 1098 and 9958122.
18
What is the greatest common divisor of 586950 and 3909360?
2730
Calculate the greatest common divisor of 224 and 17623088.
112
Calculate the greatest common divisor of 927 and 602334.
9
Calculate the highest common factor of 390 and 269030320.
130
What is the greatest common factor of 945 and 7866369?
189
Calculate the highest common factor of 49356774 and 13950.
558
What is the highest common divisor of 7807418 and 59701?
263
Calculate the highest common divisor of 530660750 and 200.
50
What is the highest common divisor of 69573175 and 2030?
1015
What is the highest common factor of 467996 and 100?
4
What is the highest common factor of 3903 and 5062?
1
What is the greatest common factor of 1 and 18857663?
1
What is the highest common divisor of 15288 and 479752?
728
What is the greatest common factor of 182988 and 267852?
2652
Calculate the greatest common factor of 6169043 and 914.
457
What is the highest common divisor of 4085240 and 73140?
1060
What is the greatest common factor of 9542049 and 26061?
3723
Calculate the greatest common divisor of 13424554 and 10288.
1286
What is the highest common factor of 34093 and 46671?
331
Calculate the highest common factor of 11076805 and 25.
5
Calculate the greatest common divisor of 187430 and 470.
10
Calculate the greatest common factor of 344640 and 18390.
30
What is the highest common factor of 29314427 and 1?
1
Calculate the highest common factor of 2067 and 293991.
159
Calculate the greatest common factor of 1551 and 152174.
11
Calculate the highest common divisor of 4905 and 5622795.
45
What is the highest common divisor of 21096 and 5220?
36
What is the greatest common divisor of 1479544 and 36?
4
Calculate the greatest common factor of 93110488 and 2372.
2372
Calculate the highest common divisor of 648 and 17844.
12
Calculate the highest common factor of 5086076338 and 8578.
8578
What is the greatest common divisor of 21103 and 13570576?
449
Calculate the highest common factor of 90 and 1278198.
18
Calculate the greatest common divisor of 1303925568 and 748.
748
Calculate the greatest common factor of 93989 and 16182.
29
Calculate the highest common divisor of 381304 and 117524.
44
Calculate the greatest common divisor of 40 and 371558.
2
What is the greatest common divisor of 23493 and 357438164?
7831
Calculate the greatest common divisor of 56908 and 12136.
164
Calculate the highest common factor of 149172 and 10398732.
4812
What is the greatest common factor of 1161 and 1089531?
27
Calculate the highest common divisor of 63636203 and 15415.
3083
Calculate the highest common factor of 54589 and 4049619.
79
What is the greatest common divisor of 143 and 354965897?
143
Calculate the greatest common divisor of 21965784 and 15936.
1992
What is the highest common divisor of 10624 and 100784?
16
What is the highest common factor of 1693995 and 3915?
15
What is the greatest common divisor of 480318270 and 1830?
1830
Calculate the greatest common factor of 54780 and 5213230.
9130
What is the greatest common factor of 44 and 66779878?
22
Calculate the highest common divisor of 50348762 and 8950.
358
Calculate the greatest common divisor of 448 and 203285152.
224
Calculate the greatest common factor of 4066824 and 2664.
24
What is the highest common divisor of 1081 and 11135381?
1081
What is the highest common divisor of 8014843 and 669?
223
What is the highest common factor of 5455281 and 783159?
1677
Calculate the greatest common divisor of 34207868 and 12.
4
What is the greatest common factor of 50035232 and 416?
416
What is the highest common divisor of 11275 and 171741702?
451
What is the greatest common divisor of 4189076475 and 807?
807
What is the greatest common divisor of 4065 and 17591423?
271
What is the greatest common divisor of 9883230 and 4035?
15
What is the highest common divisor of 2772547 and 4216?
527
Calculate the greatest common factor of 81326 and 162966.
314
What is the highest common factor of 89335108 and 11728?
2932
Calculate the greatest common factor of 12972 and 167555.
1081
Calculate the highest common factor of 120 and 274277820.
60
Calculate the highest common factor of 1023 and 195706038.
1023
Calculate the highest common factor of 115398225 and 9540.
2385
What is the greatest commo